

{"id":203,"date":"2022-04-22T19:04:58","date_gmt":"2022-04-22T19:04:58","guid":{"rendered":"http:\/\/bibliotecademo.xn--construyendotussueos-l7b.com\/?page_id=203"},"modified":"2025-07-13T18:15:34","modified_gmt":"2025-07-13T18:15:34","slug":"miembros-honorarios","status":"publish","type":"page","link":"https:\/\/bibliotecologos.pe\/index.php\/miembros-honorarios\/","title":{"rendered":"Miembros Honorarios"},"content":{"rendered":"[et_pb_section fb_built=\u00bb1&#8243; admin_label=\u00bbsection\u00bb _builder_version=\u00bb3.22&#8243; custom_padding=\u00bb0px|||||\u00bb][et_pb_row admin_label=\u00bbrow\u00bb _builder_version=\u00bb3.25&#8243; background_size=\u00bbinitial\u00bb background_position=\u00bbtop_left\u00bb background_repeat=\u00bbrepeat\u00bb hover_enabled=\u00bb0&#8243; sticky_enabled=\u00bb0&#8243; custom_padding=\u00bb3px|||||\u00bb][et_pb_column type=\u00bb4_4&#8243; _builder_version=\u00bb3.25&#8243; custom_padding=\u00bb|||\u00bb custom_padding__hover=\u00bb|||\u00bb][et_pb_text admin_label=\u00bbText\u00bb _builder_version=\u00bb4.7.7&#8243; background_size=\u00bbinitial\u00bb background_position=\u00bbtop_left\u00bb background_repeat=\u00bbrepeat\u00bb hover_enabled=\u00bb0&#8243; sticky_enabled=\u00bb0&#8243; custom_margin=\u00bb||0px|||\u00bb]<p><\/p>\n<p>El Consejo Directivo Nacional otorga la distinci\u00f3n de Miembro Honorario a aquellas personas que, por m\u00e9ritos especiales o actos que comprometen la gratitud del Colegio, se hacen merecedoras de esta distinci\u00f3n (Estatuto CBP, Tit.2 art. 10).<\/p>\n<p><\/p>[\/et_pb_text][et_pb_text _builder_version=\u00bb4.7.7&#8243; _module_preset=\u00bbdefault\u00bb hover_enabled=\u00bb0&#8243; sticky_enabled=\u00bb0&#8243; min_height=\u00bb1131.8px\u00bb]<table width=\"882\">\n<tbody>\n<tr style=\"height: 24.0469px;\">\n<td style=\"width: 433px; height: 24.0469px; text-align: center;\" colspan=\"2\">Las siguientes personas se han hecho merecedores de esta distinci\u00f3n:<\/td>\n<\/tr>\n<tr style=\"height: 1095px;\">\n<td style=\"width: 433px; height: 1095px;\">\n<p><strong>2024<\/strong><\/p>\n<ul>\n<li>Dr. Sinesio L\u00f3pez Jim\u00e9nez<\/li>\n<li>Carmen Colmenares P\u00e9rez<\/li>\n<\/ul>\n<p><strong>2023<\/strong><\/p>\n<ul>\n<li>Danny Bardales Sotomayor<\/li>\n<\/ul>\n<p><strong>2015<\/strong><\/p>\n<ul>\n<li>Mar\u00eda del Pilar Acha Alb\u00fajar<\/li>\n<li>Bernardo Velarde Rivero<\/li>\n<\/ul>\n<p><strong>2014<\/strong><\/p>\n<ul>\n<li>Rosa Dorival<\/li>\n<li>Cecilia Alegre<\/li>\n<li>Javier Alcalde<\/li>\n<li>Antonio Miranda (Brasil)<\/li>\n<li>Elmira Simeao (Brasil)<\/li>\n<li>Humberto Ravest (Chile)<\/li>\n<li>Luc\u00eda Abello (Chile)<\/li>\n<li>Mar\u00eda Consuelo Moncada (Colombia)<\/li>\n<li>Omar Hern\u00e1ndez (M\u00e9xico)<\/li>\n<li>Norma Palomino (Estados Unidos)<\/li>\n<li>Frank Raumel (Alemania)<\/li>\n<li>Jos\u00e9 L\u00f3pez Y\u00e9pez (Espa\u00f1a)<\/li>\n<li>Santiago Romero Garuz (Espa\u00f1a)<\/li>\n<li>Amadeus Pons (Espa\u00f1a)<\/li>\n<\/ul>\n<p><strong>2012<\/strong><\/p>\n<ul>\n<li>Juanita Jara<\/li>\n<li>Carmen Villanueva Villanueva<\/li>\n<li>Iliana Shoobridge<\/li>\n<\/ul>\n<p>&nbsp;<\/p>\n<p>&nbsp;<\/p>\n<p>&nbsp;<\/p>\n<p>&nbsp;<\/p>\n<p>&nbsp;<\/p>\n<p>&nbsp;<\/p>\n<p>&nbsp;<\/p>\n<\/td>\n<td style=\"width: 433px; height: 1095px;\">\n<p><strong>2009<\/strong><\/p>\n<ul>\n<li>Elizabeth Mar\u00eda Ramos Carvalho (Gerente IFLA\/LAC)<\/li>\n<li>Filiberto Felipe Mart\u00ednez Arellano (Presidente IFLA\/LAC)<\/li>\n<li>Danielle Mincio (IFLA \u2013 Suiza)<\/li>\n<li>Gunila Natvig (IFLA \/ ALP \u2013 Suecia)<\/li>\n<li>Roberto Servidio (Argentina)<\/li>\n<li>KatharinaBerg (Brasil)<\/li>\n<li>Federico Hern\u00e1ndez (M\u00e9xico)<\/li>\n<li>Adolfo Rodr\u00edguez Gallardo (M\u00e9xico)<\/li>\n<li>Rosa Mar\u00eda Fern\u00e1ndez de Zamora (M\u00e9xico)<\/li>\n<li>Estela Morales (M\u00e9xico)<\/li>\n<li>Mar\u00eda Elena Zapata (Venezuela)<\/li>\n<li>Octavio Castillo (Panam\u00e1)<\/li>\n<li>Ivone T\u00e1lamo (Brasil)<\/li>\n<li>Adriana Betancur (Colombia)<\/li>\n<li>Emilce Sena Correa (Paraguay)<\/li>\n<li>Ana Mar\u00eda PeruchenaZimmermann (Argentina)<\/li>\n<li>Olinda G\u00f3mez (El Salvador)<\/li>\n<li>Regina Celia Baptista Belluzo (Brasil)<\/li>\n<li>Elsa M. Ram\u00edrez Leyva (M\u00e9xico)<\/li>\n<li>Marcia Rosetto (Brasil)<\/li>\n<li>Simone Bastos Vieira (Brasil)<\/li>\n<li>V\u00edctor Torres (Puerto Rico)<\/li>\n<li>Mercedes Falconi (Ecuador)<\/li>\n<li>Celia Ribeiro Zaher (Brasil)<\/li>\n<li>Araceli Garc\u00eda Mart\u00edn (Espa\u00f1a)<\/li>\n<li>Stella Maris Fern\u00e1ndez (Argentina)<\/li>\n<li>Alice Miranda (Costa Rica)<\/li>\n<li>Joan Vaciana (Jamaica)<\/li>\n<li>Luzmila PopovMayrink da Costa (Brasil)<\/li>\n<li>Mar\u00eda Isabel Cabral de Franca (Brasil)<\/li>\n<li>Emir Suaiden (Brasil)<\/li>\n<\/ul>\n<p><strong>2004<\/strong><\/p>\n<ul>\n<li>Doris Ivonne Samanez Alzamora<\/li>\n<\/ul>\n<p><strong>2002<\/strong><\/p>\n<ul>\n<li>Aurora de la Vega de Deza<\/li>\n<\/ul>\n<p><strong>2000<\/strong><\/p>\n<ul>\n<li>Mar\u00eda Antonieta Ball\u00f3n Delgado<\/li>\n<\/ul>\n<\/td>\n<\/tr>\n<\/tbody>\n<\/table>\n[\/et_pb_text][\/et_pb_column][\/et_pb_row][\/et_pb_section]","protected":false},"excerpt":{"rendered":"<p>[et_pb_section fb_built=\u00bb1&#8243; admin_label=\u00bbsection\u00bb _builder_version=\u00bb3.22&#8243; custom_padding=\u00bb0px|||||\u00bb][et_pb_row admin_label=\u00bbrow\u00bb _builder_version=\u00bb3.25&#8243; background_size=\u00bbinitial\u00bb background_position=\u00bbtop_left\u00bb background_repeat=\u00bbrepeat\u00bb hover_enabled=\u00bb0&#8243; sticky_enabled=\u00bb0&#8243; custom_padding=\u00bb3px|||||\u00bb][et_pb_column type=\u00bb4_4&#8243; _builder_version=\u00bb3.25&#8243; custom_padding=\u00bb|||\u00bb custom_padding__hover=\u00bb|||\u00bb][et_pb_text admin_label=\u00bbText\u00bb _builder_version=\u00bb4.7.7&#8243; background_size=\u00bbinitial\u00bb background_position=\u00bbtop_left\u00bb background_repeat=\u00bbrepeat\u00bb hover_enabled=\u00bb0&#8243; sticky_enabled=\u00bb0&#8243; custom_margin=\u00bb||0px|||\u00bb] El Consejo Directivo Nacional otorga la distinci\u00f3n de Miembro Honorario a aquellas personas que, por m\u00e9ritos especiales o actos que comprometen la gratitud del Colegio, se hacen merecedoras de esta [&hellip;]<\/p>\n","protected":false},"author":4,"featured_media":0,"parent":0,"menu_order":0,"comment_status":"closed","ping_status":"closed","template":"","meta":{"_et_pb_use_builder":"on","_et_pb_old_content":"<!-- wp:paragraph -->\n<p>El Consejo Directivo Nacional otorga la distinci\u00f3n de Miembro Honorario a aquellas personas que, por m\u00e9ritos especiales o actos que comprometen la gratitud del Colegio, se hacen merecedoras de esta distinci\u00f3n (Estatuto CBP, Tit.2 art. 10).<\/p>\n<!-- \/wp:paragraph -->\n\n<!-- wp:paragraph -->\n<p>Las siguientes personas se han hecho merecedores de esta distinci\u00f3n:<\/p>\n<!-- \/wp:paragraph -->\n\n<!-- wp:paragraph -->\n<p><strong>2015<\/strong><\/p>\n<!-- \/wp:paragraph -->\n\n<!-- wp:list -->\n<ul><li>Mar\u00eda del Pilar Acha Alb\u00fajar<\/li><li>Bernardo Velarde Rivero<\/li><\/ul>\n<!-- \/wp:list -->\n\n<!-- wp:paragraph -->\n<p><strong>2014<\/strong><\/p>\n<!-- \/wp:paragraph -->\n\n<!-- wp:list -->\n<ul><li>Rosa Dorival<\/li><li>Cecilia Alegre<\/li><li>Javier Alcalde<\/li><li>Antonio Miranda (Brasil)<\/li><li>Elmira Simeao (Brasil)<\/li><li>Humberto Ravest (Chile)<\/li><li>Luc\u00eda Abello (Chile)<\/li><li>Mar\u00eda Consuelo Moncada (Colombia)<\/li><li>Omar Hern\u00e1ndez (M\u00e9xico)<\/li><li>Norma Palomino (Estados Unidos)<\/li><li>Frank Raumel (Alemania)<\/li><li>Jos\u00e9 L\u00f3pez Y\u00e9pez (Espa\u00f1a)<\/li><li>Santiago Romero Garuz (Espa\u00f1a)<\/li><li>Amadeus Pons (Espa\u00f1a)<\/li><\/ul>\n<!-- \/wp:list -->\n\n<!-- wp:paragraph -->\n<p><strong>2012<\/strong><\/p>\n<!-- \/wp:paragraph -->\n\n<!-- wp:list -->\n<ul><li>Juanita Jara<\/li><li>Carmen Villanueva Villanueva<\/li><li>Iliana Shoobridge<\/li><\/ul>\n<!-- \/wp:list -->\n\n<!-- wp:paragraph -->\n<p><strong>2009<\/strong><\/p>\n<!-- \/wp:paragraph -->\n\n<!-- wp:list -->\n<ul><li>Elizabeth Mar\u00eda Ramos Carvalho (Gerente IFLA\/LAC)<\/li><li>Filiberto Felipe Mart\u00ednez Arellano (Presidente IFLA\/LAC)<\/li><li>Danielle Mincio (IFLA \u2013 Suiza)<\/li><li>Gunila Natvig (IFLA \/ ALP \u2013 Suecia)<\/li><li>Roberto Servidio (Argentina)<\/li><li>KatharinaBerg (Brasil)<\/li><li>Federico Hern\u00e1ndez (M\u00e9xico)<\/li><li>Adolfo Rodr\u00edguez Gallardo (M\u00e9xico)<\/li><li>Rosa Mar\u00eda Fern\u00e1ndez de Zamora (M\u00e9xico)<\/li><li>Estela Morales (M\u00e9xico)<\/li><li>Mar\u00eda Elena Zapata (Venezuela)<\/li><li>Octavio Castillo (Panam\u00e1)<\/li><li>Ivone T\u00e1lamo (Brasil)<\/li><li>Adriana Betancur (Colombia)<\/li><li>Emilce Sena Correa (Paraguay)<\/li><li>Ana Mar\u00eda PeruchenaZimmermann (Argentina)<\/li><li>Olinda G\u00f3mez (El Salvador)<\/li><li>Regina Celia Baptista Belluzo (Brasil)<\/li><li>Elsa M. Ram\u00edrez Leyva (M\u00e9xico)<\/li><li>Marcia Rosetto (Brasil)<\/li><li>Simone Bastos Vieira (Brasil)<\/li><li>V\u00edctor Torres (Puerto Rico)<\/li><li>Mercedes Falconi (Ecuador)<\/li><li>Celia Ribeiro Zaher (Brasil)<\/li><li>Araceli Garc\u00eda Mart\u00edn (Espa\u00f1a)<\/li><li>Stella Maris Fern\u00e1ndez (Argentina)<\/li><li>Alice Miranda (Costa Rica)<\/li><li>Joan Vaciana (Jamaica)<\/li><li>Luzmila PopovMayrink da Costa (Brasil)<\/li><li>Mar\u00eda Isabel Cabral de Franca (Brasil)<\/li><li>Emir Suaiden (Brasil)<\/li><\/ul>\n<!-- \/wp:list -->\n\n<!-- wp:paragraph -->\n<p><strong>2004<\/strong> <\/p>\n<!-- \/wp:paragraph -->\n\n<!-- wp:list -->\n<ul><li>Doris Ivonne Samanez Alzamora<\/li><\/ul>\n<!-- \/wp:list -->\n\n<!-- wp:paragraph -->\n<p><strong>2002<\/strong> <\/p>\n<!-- \/wp:paragraph -->\n\n<!-- wp:list -->\n<ul><li>Aurora de la Vega de Deza<\/li><\/ul>\n<!-- \/wp:list -->\n\n<!-- wp:paragraph -->\n<p><strong>2000 <\/strong><\/p>\n<!-- \/wp:paragraph -->\n\n<!-- wp:list -->\n<ul><li>Mar\u00eda Antonieta Ball\u00f3n Delgado<\/li><\/ul>\n<!-- \/wp:list -->","_et_gb_content_width":"1080","_monsterinsights_skip_tracking":false,"_monsterinsights_sitenote_active":false,"_monsterinsights_sitenote_note":"","_monsterinsights_sitenote_category":0,"_joinchat":[],"footnotes":""},"_links":{"self":[{"href":"https:\/\/bibliotecologos.pe\/index.php\/wp-json\/wp\/v2\/pages\/203"}],"collection":[{"href":"https:\/\/bibliotecologos.pe\/index.php\/wp-json\/wp\/v2\/pages"}],"about":[{"href":"https:\/\/bibliotecologos.pe\/index.php\/wp-json\/wp\/v2\/types\/page"}],"author":[{"embeddable":true,"href":"https:\/\/bibliotecologos.pe\/index.php\/wp-json\/wp\/v2\/users\/4"}],"replies":[{"embeddable":true,"href":"https:\/\/bibliotecologos.pe\/index.php\/wp-json\/wp\/v2\/comments?post=203"}],"version-history":[{"count":9,"href":"https:\/\/bibliotecologos.pe\/index.php\/wp-json\/wp\/v2\/pages\/203\/revisions"}],"predecessor-version":[{"id":4344,"href":"https:\/\/bibliotecologos.pe\/index.php\/wp-json\/wp\/v2\/pages\/203\/revisions\/4344"}],"wp:attachment":[{"href":"https:\/\/bibliotecologos.pe\/index.php\/wp-json\/wp\/v2\/media?parent=203"}],"curies":[{"name":"wp","href":"https:\/\/api.w.org\/{rel}","templated":true}]}}