

{"id":213,"date":"2022-04-22T19:06:19","date_gmt":"2022-04-22T19:06:19","guid":{"rendered":"http:\/\/bibliotecademo.xn--construyendotussueos-l7b.com\/?page_id=213"},"modified":"2025-07-13T18:14:01","modified_gmt":"2025-07-13T18:14:01","slug":"iii-congreso-nacional-de-profesionales-del-peru-conaprof-2020-16-y-17-de-enero-de-2020","status":"publish","type":"page","link":"https:\/\/bibliotecologos.pe\/index.php\/iii-congreso-nacional-de-profesionales-del-peru-conaprof-2020-16-y-17-de-enero-de-2020\/","title":{"rendered":"III Congreso Nacional de Profesionales del Per\u00fa CONAPROF 2020 (16 y 17 de enero de 2020)"},"content":{"rendered":"\n<p>Este congreso reuni\u00f3 a todos los profesionales agremiados en los colegios profesionales a nivel nacional. El Consejo Nacional de Decanos de Colegios Profesionales conform\u00f3 una Comisi\u00f3n para la organizaci\u00f3n de este evento<\/p>\n\n\n\n<p>Programa oficial III Conaprof 2020 (Jueves 16 de enero de 2020):Descarga<br>Programa oficial III Conaprof 2020 (Viernes 17 de enero de 2020):Descarga<br>Programa oficial III Conaprof 2020-1 (Afiche general): Descarga<\/p>\n\n\n\n<div class=\"wp-block-image\"><figure class=\"aligncenter size-full is-resized\"><img loading=\"lazy\" decoding=\"async\" src=\"http:\/\/bibliotecademo.xn--construyendotussueos-l7b.com\/wp-content\/uploads\/2022\/04\/CONAPROF-2020-708x1024-1.jpeg\" alt=\"\" class=\"wp-image-400\" width=\"458\" height=\"662\" srcset=\"https:\/\/bibliotecologos.pe\/wp-content\/uploads\/2022\/04\/CONAPROF-2020-708x1024-1.jpeg 708w, https:\/\/bibliotecologos.pe\/wp-content\/uploads\/2022\/04\/CONAPROF-2020-708x1024-1-207x300.jpeg 207w, https:\/\/bibliotecologos.pe\/wp-content\/uploads\/2022\/04\/CONAPROF-2020-708x1024-1-187x270.jpeg 187w\" sizes=\"(max-width: 458px) 100vw, 458px\" \/><\/figure><\/div>\n\r\n","protected":false},"excerpt":{"rendered":"<p>Este congreso reuni\u00f3 a todos los profesionales agremiados en los colegios profesionales a nivel nacional. El Consejo Nacional de Decanos de Colegios Profesionales conform\u00f3 una Comisi\u00f3n para la organizaci\u00f3n de este evento Programa oficial III Conaprof 2020 (Jueves 16 de enero de 2020):DescargaPrograma oficial III Conaprof 2020 (Viernes 17 de enero de 2020):DescargaPrograma oficial III [&hellip;]<\/p>\n","protected":false},"author":4,"featured_media":0,"parent":0,"menu_order":0,"comment_status":"closed","ping_status":"closed","template":"","meta":{"_et_pb_use_builder":"","_et_pb_old_content":"","_et_gb_content_width":"1080","_monsterinsights_skip_tracking":false,"_monsterinsights_sitenote_active":false,"_monsterinsights_sitenote_note":"","_monsterinsights_sitenote_category":0,"_joinchat":[],"footnotes":""},"_links":{"self":[{"href":"https:\/\/bibliotecologos.pe\/index.php\/wp-json\/wp\/v2\/pages\/213"}],"collection":[{"href":"https:\/\/bibliotecologos.pe\/index.php\/wp-json\/wp\/v2\/pages"}],"about":[{"href":"https:\/\/bibliotecologos.pe\/index.php\/wp-json\/wp\/v2\/types\/page"}],"author":[{"embeddable":true,"href":"https:\/\/bibliotecologos.pe\/index.php\/wp-json\/wp\/v2\/users\/4"}],"replies":[{"embeddable":true,"href":"https:\/\/bibliotecologos.pe\/index.php\/wp-json\/wp\/v2\/comments?post=213"}],"version-history":[{"count":2,"href":"https:\/\/bibliotecologos.pe\/index.php\/wp-json\/wp\/v2\/pages\/213\/revisions"}],"predecessor-version":[{"id":401,"href":"https:\/\/bibliotecologos.pe\/index.php\/wp-json\/wp\/v2\/pages\/213\/revisions\/401"}],"wp:attachment":[{"href":"https:\/\/bibliotecologos.pe\/index.php\/wp-json\/wp\/v2\/media?parent=213"}],"curies":[{"name":"wp","href":"https:\/\/api.w.org\/{rel}","templated":true}]}}

III Congreso Nacional de Profesionales del Perú CONAPROF 2020 (16 y 17 de enero de 2020)

<p>Este congreso reunió a todos los profesionales agremiados en los colegios profesionales a nivel nacional. El Consejo Nacional de Decanos de Colegios Profesionales conformó una Comisión para la organización de este evento</p>



<p>Programa oficial III Conaprof 2020 (Jueves 16 de enero de 2020):Descarga<br>Programa oficial III Conaprof 2020 (Viernes 17 de enero de 2020):Descarga<br>Programa oficial III Conaprof 2020-1 (Afiche general): Descarga</p>



<div class="wp-block-image"><figure class="aligncenter size-full is-resized"><img loading="lazy" decoding="async" src="http://bibliotecademo.xn--construyendotussueos-l7b.com/wp-content/uploads/2022/04/CONAPROF-2020-708x1024-1.jpeg" alt="" class="wp-image-400" width="458" height="662" srcset="https://bibliotecologos.pe/wp-content/uploads/2022/04/CONAPROF-2020-708x1024-1.jpeg 708w, https://bibliotecologos.pe/wp-content/uploads/2022/04/CONAPROF-2020-708x1024-1-207x300.jpeg 207w, https://bibliotecologos.pe/wp-content/uploads/2022/04/CONAPROF-2020-708x1024-1-187x270.jpeg 187w" sizes="(max-width: 458px) 100vw, 458px" /></figure></div>

<p>Este congreso reunió a todos los profesionales agremiados en los colegios profesionales a nivel nacional. El Consejo Nacional de Decanos de Colegios Profesionales conformó una Comisión para la organización de este evento Programa oficial III Conaprof 2020 (Jueves 16 de enero de 2020):DescargaPrograma oficial III Conaprof 2020 (Viernes 17 de enero de 2020):DescargaPrograma oficial III [&hellip;]</p>
