

{"id":2565,"date":"2023-09-27T14:09:10","date_gmt":"2023-09-27T14:09:10","guid":{"rendered":"https:\/\/bibliotecologos.pe\/?page_id=2565"},"modified":"2025-07-13T18:09:05","modified_gmt":"2025-07-13T18:09:05","slug":"comite-organizador","status":"publish","type":"page","link":"https:\/\/bibliotecologos.pe\/index.php\/comite-organizador\/","title":{"rendered":"Comit\u00e9 organizador"},"content":{"rendered":"<p>[et_pb_section fb_built=\u00bb1&#8243; admin_label=\u00bbsection\u00bb _builder_version=\u00bb4.7.7&#8243; use_background_color_gradient=\u00bbon\u00bb background_image=\u00bbhttps:\/\/bibliotecologos.pe\/wp-content\/uploads\/2022\/04\/Coleccion-4.jpg\u00bb min_height=\u00bb728.6px\u00bb custom_margin=\u00bb||-90px|||\u00bb custom_padding=\u00bb||18px|||\u00bb][et_pb_row column_structure=\u00bb1_5,3_5,1_5&#8243; use_custom_gutter=\u00bbon\u00bb gutter_width=\u00bb1&#8243; make_equal=\u00bbon\u00bb admin_label=\u00bbrow\u00bb _builder_version=\u00bb4.7.7&#8243; background_color=\u00bb#ffffff\u00bb background_size=\u00bbinitial\u00bb background_position=\u00bbtop_left\u00bb background_repeat=\u00bbrepeat\u00bb width=\u00bb90%\u00bb max_width=\u00bb1273px\u00bb module_alignment=\u00bbcenter\u00bb custom_margin=\u00bb|0px||0px|false|false\u00bb custom_padding=\u00bb0px||0px||false|false\u00bb global_module=\u00bb2637&#8243;][et_pb_column type=\u00bb1_5&#8243; _builder_version=\u00bb4.7.7&#8243; custom_padding=\u00bb|||\u00bb custom_padding__hover=\u00bb|||\u00bb][et_pb_image src=\u00bbhttps:\/\/bibliotecologos.pe\/wp-content\/uploads\/2023\/09\/logotipoCBP.png\u00bb title_text=\u00bblogotipoCBP\u00bb url=\u00bbhttps:\/\/bibliotecologos.pe\/index.php\/tendenciasbibliotecasods\/\u00bb _builder_version=\u00bb4.7.7&#8243; _module_preset=\u00bbdefault\u00bb][\/et_pb_image][\/et_pb_column][et_pb_column type=\u00bb3_5&#8243; _builder_version=\u00bb4.7.7&#8243; custom_padding=\u00bb|||\u00bb custom_padding__hover=\u00bb|||\u00bb][et_pb_menu menu_id=\u00bb24&#8243; menu_style=\u00bbcentered\u00bb _builder_version=\u00bb4.7.7&#8243; _module_preset=\u00bbdefault\u00bb menu_font=\u00bb|700||on|||||\u00bb menu_font_size=\u00bb17px\u00bb module_alignment=\u00bbcenter\u00bb min_height=\u00bb25px\u00bb custom_margin=\u00bb14px|||0px|false|false\u00bb custom_padding=\u00bb0px|||0px|false|false\u00bb][\/et_pb_menu][\/et_pb_column][et_pb_column type=\u00bb1_5&#8243; _builder_version=\u00bb4.7.7&#8243; custom_padding=\u00bb|||\u00bb custom_padding__hover=\u00bb|||\u00bb][et_pb_code _builder_version=\u00bb4.7.7&#8243; _module_preset=\u00bbdefault\u00bb text_orientation=\u00bbcenter\u00bb module_alignment=\u00bbcenter\u00bb custom_margin=\u00bb15px||||false|false\u00bb]<\/p>\n<div class=\"redes-sociales\"><!-- [et_pb_line_break_holder] -->  <a href=\"https:\/\/www.facebook.com\/\" target=\"_blank\" rel=\"noopener\"><!-- [et_pb_line_break_holder] -->    <img loading=\"lazy\" decoding=\"async\" src=\"https:\/\/bibliotecologos.pe\/wp-content\/uploads\/2023\/09\/facebook-icon.png\" alt=\"Facebook\" width=\"24\" height=\"24\"><!-- [et_pb_line_break_holder] -->  <\/a><!-- [et_pb_line_break_holder] -->  <a href=\"https:\/\/twitter.com\/\" target=\"_blank\" rel=\"noopener\"><!-- [et_pb_line_break_holder] -->    <img loading=\"lazy\" decoding=\"async\" src=\"https:\/\/bibliotecologos.pe\/wp-content\/uploads\/2023\/09\/twitter.png\" alt=\"Twitter\" width=\"24\" height=\"24\"><!-- [et_pb_line_break_holder] -->  <\/a><!-- [et_pb_line_break_holder] -->  <a href=\"https:\/\/www.linkedin.com\/\" target=\"_blank\" rel=\"noopener\"><!-- [et_pb_line_break_holder] -->    <img loading=\"lazy\" decoding=\"async\" src=\"https:\/\/bibliotecologos.pe\/wp-content\/uploads\/2023\/09\/linkedin.png\" alt=\"LinkedIn\" width=\"24\" height=\"24\"><!-- [et_pb_line_break_holder] -->  <\/a><!-- [et_pb_line_break_holder] --><\/div>\n<p>[\/et_pb_code][\/et_pb_column][\/et_pb_row][et_pb_row _builder_version=\u00bb4.7.7&#8243; _module_preset=\u00bbdefault\u00bb][et_pb_column type=\u00bb4_4&#8243; _builder_version=\u00bb4.7.7&#8243; _module_preset=\u00bbdefault\u00bb][et_pb_divider show_divider=\u00bboff\u00bb _builder_version=\u00bb4.7.7&#8243; _module_preset=\u00bbdefault\u00bb min_height=\u00bb0px\u00bb custom_padding=\u00bb||11px|||\u00bb][\/et_pb_divider][\/et_pb_column][\/et_pb_row][et_pb_row _builder_version=\u00bb4.7.7&#8243; _module_preset=\u00bbdefault\u00bb background_color=\u00bbrgba(71,71,71,0.8)\u00bb min_height=\u00bb88.3px\u00bb custom_padding=\u00bb19px||0px|||\u00bb][et_pb_column type=\u00bb4_4&#8243; _builder_version=\u00bb4.7.7&#8243; _module_preset=\u00bbdefault\u00bb][et_pb_text _builder_version=\u00bb4.7.7&#8243; _module_preset=\u00bbdefault\u00bb custom_margin=\u00bb11px||-9px|||\u00bb]<\/p>\n<h1 style=\"text-align: center;\"><span color=\"#ffffff\" style=\"color: #ffffff;\">COMIT\u00c9 ORGANIZADOR<\/span><\/h1>\n<p>[\/et_pb_text][\/et_pb_column][\/et_pb_row][et_pb_row _builder_version=\u00bb4.7.7&#8243; _module_preset=\u00bbdefault\u00bb][et_pb_column type=\u00bb4_4&#8243; _builder_version=\u00bb4.7.7&#8243; _module_preset=\u00bbdefault\u00bb][et_pb_divider show_divider=\u00bboff\u00bb _builder_version=\u00bb4.7.7&#8243; _module_preset=\u00bbdefault\u00bb custom_margin=\u00bb-19px|||||\u00bb custom_padding=\u00bb0px||0px|||\u00bb][\/et_pb_divider][\/et_pb_column][\/et_pb_row][et_pb_row _builder_version=\u00bb4.7.7&#8243; _module_preset=\u00bbdefault\u00bb background_color=\u00bbrgba(71,71,71,0.8)\u00bb custom_margin=\u00bb-26px|auto||auto||\u00bb custom_padding=\u00bb0px|0px||||\u00bb][et_pb_column type=\u00bb4_4&#8243; _builder_version=\u00bb4.7.7&#8243; _module_preset=\u00bbdefault\u00bb][et_pb_text _builder_version=\u00bb4.7.7&#8243; _module_preset=\u00bbdefault\u00bb text_text_color=\u00bb#ffffff\u00bb custom_margin=\u00bb30px|0px||30px|false|false\u00bb custom_padding=\u00bb30px|30px|30px|30px|false|false\u00bb hover_enabled=\u00bb0&#8243; sticky_enabled=\u00bb0&#8243;]<\/p>\n<p><span style=\"text-decoration: underline;\">Comit\u00e9 organizador<\/span><br \/> Es responsable de la gesti\u00f3n del evento y tiene las siguientes funciones:<\/p>\n<ul>\n<li>Proponer el tema general del evento y los ejes tem\u00e1ticos del evento<\/li>\n<li>Proponer el logo del seminario<\/li>\n<li>Proponer el portal web del seminario internacional<\/li>\n<li>Proponer los diferentes comit\u00e9s del seminario<\/li>\n<li>Planificar, elaborar y difundir los documentos t\u00e9cnicos del evento.<\/li>\n<li>Seleccionar, invitar, confirmar, coordinar, programar y atender la intervenci\u00f3n de los ponentes magistrales y de mesas de trabajo, nacionales e internacionales<\/li>\n<li>Coordinar e integrar la informaci\u00f3n y documentos t\u00e9cnicos para su difusi\u00f3n<\/li>\n<li>Aprobar los diferentes formatos y plantillas del seminario internacional<\/li>\n<li>Aprobar las ponencias y poster referenciados de los comit\u00e9s correspondientes.<\/li>\n<li>Establecer los procedimientos administrativos para la realizaci\u00f3n del seminario internacional<\/li>\n<li>Elaborar el programa general de actividades<\/li>\n<li>Participar en la selecci\u00f3n del local del seminario internacional<\/li>\n<li>Coordinar el sistema de hospedaje y aspectos administrativos de los ponentes<\/li>\n<li>Coordinar el sistema de registro de participantes<\/li>\n<li>Coordinar la elaboraci\u00f3n de directorios<\/li>\n<\/ul>\n<p>Est\u00e1 estructurado con los siguientes cargos:<\/p>\n<ul>\n<li>Presidente Decana del CBP (Graciela Rengifo)<\/li>\n<li>Vicepresidente Vicedecano (Henry Ch\u00e1vez S\u00e1nchez<\/li>\n<li>Secretaria General (Delia C\u00f3rdova)<\/li>\n<li>Desarrollo Profesional (Gilda Malpartida)<\/li>\n<li>Coordinadores Direcci\u00f3n de Bienestar (Ada Rengifo)<\/li>\n<\/ul>\n<p><span style=\"text-decoration: underline;\">Soporte tecnol\u00f3gico:<\/span><br \/> Rovert Sacramento<br \/> Eduardo Meza<\/p>\n<p><span style=\"text-decoration: underline;\">Co-organizador :<\/span><br \/> CONCYTEC<\/p>\n<p><span style=\"text-decoration: underline;\"><strong>Patrocinadores:<\/strong><\/span><br \/> Biblioteca Nacional del Per\u00fa<br \/> ITMS Group<br \/> Maskay Per\u00fa<br \/> The Shelf<\/p>\n<p>&nbsp;<\/p>\n<p>a) Coordinaci\u00f3n ejecutiva<\/p>\n<ul>\n<li>Ada Rengifo<\/li>\n<li>Delia C\u00f3rdova<\/li>\n<\/ul>\n<p>Es responsable de las actividades de gesti\u00f3n administrativa, econ\u00f3mica del seminario internacional y tiene las siguientes funciones:<\/p>\n<p>\u2022 Seleccionar a los colegiados que apoyaran a los diferentes comit\u00e9s y grupo de trabajo<br \/> \u2022 Proponer el presupuesto del seminario internacional<br \/> \u2022 Coordinar el local, y los diferentes servicios de apoyo al evento<br \/> \u2022 Establecer la log\u00edstica del seminario internacional<br \/> \u2022 Log\u00edstica para los ponentes extranjeros<br \/> \u2022 Coordinar con los sponsors<br \/> \u2022 Coordinar el catering<br \/> \u2022 Otros que indique el comit\u00e9 organizador<\/p>\n<p>b) Coordinaci\u00f3n de relaciones p\u00fablicas<\/p>\n<ul>\n<li><span style=\"font-size: 14px;\">Ada Rengifo<\/span><\/li>\n<li><span style=\"font-size: 14px;\">Gilda Malpartida<\/span><\/li>\n<\/ul>\n<p>La coordinaci\u00f3n de RRPP tiene las siguientes funciones:<\/p>\n<p>\u2022 Coordinar la invitaci\u00f3n a los diferentes participantes<br \/> \u2022 Atender a los invitados especiales en cada una de las actividades<br \/> \u2022 Elaborar los programas y los comentarios para los maestros de ceremonias<br \/> \u2022 Atender a los ponentes magistrales y a los diferentes expositores<br \/> \u2022 Coordinar el servicio de apoyo en cada exposici\u00f3n<br \/> \u2022 Capacitar al personal de informaci\u00f3n y orientaci\u00f3n del seminario<br \/> \u2022 Coordinar y realizar la invitaci\u00f3n a los diferentes medios de comunicaci\u00f3n<br \/> \u2022 Coordinar la difusi\u00f3n del evento en los diferentes medios de comunicaci\u00f3n y redes sociales<br \/> \u2022 Entregar a los medios de comunicaci\u00f3n informaci\u00f3n sobre el evento<br \/> \u2022 Elaborar la Memoria del evento.<\/p>\n<p>&nbsp;<\/p>\n<p>[\/et_pb_text][\/et_pb_column][\/et_pb_row][et_pb_row _builder_version=\u00bb4.7.7&#8243; _module_preset=\u00bbdefault\u00bb][et_pb_column type=\u00bb4_4&#8243; _builder_version=\u00bb4.7.7&#8243; _module_preset=\u00bbdefault\u00bb][et_pb_divider show_divider=\u00bboff\u00bb _builder_version=\u00bb4.7.7&#8243; _module_preset=\u00bbdefault\u00bb custom_margin=\u00bb-19px|||||\u00bb custom_padding=\u00bb0px||0px|||\u00bb][\/et_pb_divider][\/et_pb_column][\/et_pb_row][et_pb_row _builder_version=\u00bb4.7.7&#8243; _module_preset=\u00bbdefault\u00bb custom_margin=\u00bb|auto|-41px|auto||\u00bb][et_pb_column type=\u00bb4_4&#8243; _builder_version=\u00bb4.7.7&#8243; _module_preset=\u00bbdefault\u00bb][\/et_pb_column][\/et_pb_row][\/et_pb_section][et_pb_section fb_built=\u00bb1&#8243; _builder_version=\u00bb4.7.7&#8243; _module_preset=\u00bbdefault\u00bb custom_margin=\u00bb-5px||||false|false\u00bb custom_padding=\u00bb0px||3px|||\u00bb global_module=\u00bb2677&#8243; saved_tabs=\u00bball\u00bb][et_pb_row column_structure=\u00bb1_4,1_4,1_4,1_4&#8243; _builder_version=\u00bb4.7.7&#8243; _module_preset=\u00bbdefault\u00bb custom_margin=\u00bb89px|auto||auto||\u00bb][et_pb_column type=\u00bb1_4&#8243; _builder_version=\u00bb4.7.7&#8243; _module_preset=\u00bbdefault\u00bb][\/et_pb_column][et_pb_column type=\u00bb1_4&#8243; _builder_version=\u00bb4.7.7&#8243; _module_preset=\u00bbdefault\u00bb][\/et_pb_column][et_pb_column type=\u00bb1_4&#8243; _builder_version=\u00bb4.7.7&#8243; _module_preset=\u00bbdefault\u00bb][\/et_pb_column][et_pb_column type=\u00bb1_4&#8243; _builder_version=\u00bb4.7.7&#8243; _module_preset=\u00bbdefault\u00bb][\/et_pb_column][\/et_pb_row][\/et_pb_section][et_pb_section fb_built=\u00bb1&#8243; _builder_version=\u00bb4.7.7&#8243; _module_preset=\u00bbdefault\u00bb background_color=\u00bb#f0b800&#8243; custom_padding=\u00bb21px||41px|||\u00bb global_module=\u00bb2641&#8243; saved_tabs=\u00bball\u00bb][et_pb_row _builder_version=\u00bb4.7.7&#8243; _module_preset=\u00bbdefault\u00bb][et_pb_column type=\u00bb4_4&#8243; _builder_version=\u00bb4.7.7&#8243; _module_preset=\u00bbdefault\u00bb][et_pb_text _builder_version=\u00bb4.7.7&#8243; _module_preset=\u00bbdefault\u00bb text_text_color=\u00bb#000000&#8243; text_font_size=\u00bb23px\u00bb text_line_height=\u00bb0.9em\u00bb header_font_size=\u00bb39px\u00bb]<\/p>\n<p style=\"text-align: center;\"><strong>03 de noviembre<\/strong><br \/> \u2022 Curso-Taller: Dise\u00f1o de estrategias de b\u00fasqueda con ChatGPT<\/p>\n<p style=\"text-align: center;\"><strong>04 de noviembre<\/strong><br \/> \u2022 Curso-Taller: \u00abUso de las Reglas RDA: Pautas Fundamentales para Bibliotecas<\/p>\n<p style=\"text-align: center;\"><strong>Seminario Internacional \u00abTendencias de las Bibliotecas en el Marco de los Objetivos de Desarrollo Sostenible 2030\u00bb<\/strong><br \/> 3 y 4 de noviembre 2023<br \/> Teatro Auditorio Mario Vargas Llosa<br \/> Biblioteca Nacional del Per\u00fa. Av. De la Poes\u00eda 160, San Borja.<\/p>\n<p>[\/et_pb_text][\/et_pb_column][\/et_pb_row][\/et_pb_section][et_pb_section fb_built=\u00bb1&#8243; _builder_version=\u00bb4.7.7&#8243; _module_preset=\u00bbdefault\u00bb background_color=\u00bb#0c71c3&#8243; custom_padding=\u00bb0px||0px|||\u00bb global_module=\u00bb2731&#8243;][et_pb_row column_structure=\u00bb1_4,1_4,1_4,1_4&#8243; _builder_version=\u00bb4.7.7&#8243; _module_preset=\u00bbdefault\u00bb][et_pb_column type=\u00bb1_4&#8243; _builder_version=\u00bb4.7.7&#8243; _module_preset=\u00bbdefault\u00bb][et_pb_image src=\u00bbhttps:\/\/bibliotecologos.pe\/wp-content\/uploads\/2023\/09\/logo-ODS-CBP-150&#215;150.jpg\u00bb title_text=\u00bblogo ODS CBP\u00bb align=\u00bbleft\u00bb _builder_version=\u00bb4.7.7&#8243; _module_preset=\u00bbdefault\u00bb][\/et_pb_image][et_pb_text _builder_version=\u00bb4.7.7&#8243; _module_preset=\u00bbdefault\u00bb text_text_color=\u00bb#ffffff\u00bb]<\/p>\n<p>Seminario Internacional: \u00abTendencias de las bibliotecas en el marco de los objetivos de desarrollo sostenible 2030\u00bb a realizarse los d\u00edas 03 y 04 de noviembre de 2023.<\/p>\n<p>[\/et_pb_text][\/et_pb_column][et_pb_column type=\u00bb1_4&#8243; _builder_version=\u00bb4.7.7&#8243; _module_preset=\u00bbdefault\u00bb][\/et_pb_column][et_pb_column type=\u00bb1_4&#8243; _builder_version=\u00bb4.7.7&#8243; _module_preset=\u00bbdefault\u00bb][et_pb_text _builder_version=\u00bb4.7.7&#8243; _module_preset=\u00bbdefault\u00bb text_text_color=\u00bb#ffffff\u00bb]<\/p>\n<p>Accesos R\u00e1pidos<\/p>\n<p><a href=\"https:\/\/bibliotecologos.pe\/index.php\/tendenciasbibliotecasods\/\">Inicio<\/a><\/p>\n<p><a href=\"https:\/\/bibliotecologos.pe\/index.php\/presentacion\/\">Presentaci\u00f3n<\/a><\/p>\n<p>[\/et_pb_text][\/et_pb_column][et_pb_column type=\u00bb1_4&#8243; _builder_version=\u00bb4.7.7&#8243; _module_preset=\u00bbdefault\u00bb][et_pb_text _builder_version=\u00bb4.7.7&#8243; _module_preset=\u00bbdefault\u00bb text_text_color=\u00bb#ffffff\u00bb custom_margin=\u00bb|-76px||||\u00bb]<\/p>\n<p><span style=\"text-decoration: underline;\">Cont\u00e1ctenos<\/span><\/p>\n<p><span>WhatsApp:\u00a0<\/span>(+51)\u00a0986 467 369<\/p>\n<p><span style=\"color: #00ffff;\"><a href=\"mailto:bibliotecologosperu@bibliotecologos.pe\" style=\"color: #00ffff;\">bibliotecologosperu@bibliotecologos.pe<\/a><\/span><\/p>\n<p>Twitter:\u00a0<span>@cbiblioperu<\/span><\/p>\n<p><span>Facebook:\u00a0ColegiodeBibliotecologosdelPeru<\/span><\/p>\n<p>[\/et_pb_text][\/et_pb_column][\/et_pb_row][\/et_pb_section][et_pb_section fb_built=\u00bb1&#8243; _builder_version=\u00bb4.7.7&#8243; _module_preset=\u00bbdefault\u00bb background_color=\u00bb#00457a\u00bb custom_padding=\u00bb0px||0px|||\u00bb global_module=\u00bb2732&#8243;][et_pb_row column_structure=\u00bb3_4,1_4&#8243; _builder_version=\u00bb4.7.7&#8243; _module_preset=\u00bbdefault\u00bb custom_padding=\u00bb8px||13px|||\u00bb][et_pb_column type=\u00bb3_4&#8243; _builder_version=\u00bb4.7.7&#8243; _module_preset=\u00bbdefault\u00bb][et_pb_text _builder_version=\u00bb4.7.7&#8243; _module_preset=\u00bbdefault\u00bb]<\/p>\n<p><span style=\"color: #ffffff;\"><span style=\"color: #ffff00;\">Copyright \u00a92023 Colegio de Bibliotec\u00f3logos del Per\u00fa<\/span> \u2502<span style=\"color: #00ff00;\"> Seminario Internacional: \u00abTendencias de las bibliotecas en el marco de los objetivos de desarrollo sostenible 2030\u00bb 2023<\/span>. <span style=\"color: #ffff00;\">Todos los Derechos Reservados. Colegio de Bibliotec\u00f3logos del Per\u00fa<\/span><\/span><\/p>\n<p>[\/et_pb_text][\/et_pb_column][et_pb_column type=\u00bb1_4&#8243; _builder_version=\u00bb4.7.7&#8243; _module_preset=\u00bbdefault\u00bb][et_pb_code _builder_version=\u00bb4.7.7&#8243; _module_preset=\u00bbdefault\u00bb]<\/p>\n<div class=\"redes-sociales\"><!-- [et_pb_line_break_holder] -->  <a href=\"https:\/\/www.facebook.com\/\" target=\"_blank\" rel=\"noopener\"><!-- [et_pb_line_break_holder] -->    <img loading=\"lazy\" decoding=\"async\" src=\"https:\/\/bibliotecologos.pe\/wp-content\/uploads\/2023\/09\/facebook-icon.png\" alt=\"Facebook\" width=\"24\" height=\"24\"><!-- [et_pb_line_break_holder] -->  <\/a><!-- [et_pb_line_break_holder] -->  <a href=\"https:\/\/twitter.com\/\" target=\"_blank\" rel=\"noopener\"><!-- [et_pb_line_break_holder] -->    <img loading=\"lazy\" decoding=\"async\" src=\"https:\/\/bibliotecologos.pe\/wp-content\/uploads\/2023\/09\/twitter.png\" alt=\"Twitter\" width=\"24\" height=\"24\"><!-- [et_pb_line_break_holder] -->  <\/a><!-- [et_pb_line_break_holder] -->  <a href=\"https:\/\/www.linkedin.com\/\" target=\"_blank\" rel=\"noopener\"><!-- [et_pb_line_break_holder] -->    <img loading=\"lazy\" decoding=\"async\" src=\"https:\/\/bibliotecologos.pe\/wp-content\/uploads\/2023\/09\/linkedin.png\" alt=\"LinkedIn\" width=\"24\" height=\"24\"><!-- [et_pb_line_break_holder] -->  <\/a><!-- [et_pb_line_break_holder] --><\/div>\n<p>[\/et_pb_code][\/et_pb_column][\/et_pb_row][\/et_pb_section]<\/p>\n","protected":false},"excerpt":{"rendered":"<p>[et_pb_section fb_built=\u00bb1&#8243; admin_label=\u00bbsection\u00bb _builder_version=\u00bb4.7.7&#8243; use_background_color_gradient=\u00bbon\u00bb background_image=\u00bbhttps:\/\/bibliotecologos.pe\/wp-content\/uploads\/2022\/04\/Coleccion-4.jpg\u00bb min_height=\u00bb728.6px\u00bb custom_margin=\u00bb||-90px|||\u00bb custom_padding=\u00bb||18px|||\u00bb][et_pb_row column_structure=\u00bb1_5,3_5,1_5&#8243; use_custom_gutter=\u00bbon\u00bb gutter_width=\u00bb1&#8243; make_equal=\u00bbon\u00bb admin_label=\u00bbrow\u00bb _builder_version=\u00bb4.7.7&#8243; background_color=\u00bb#ffffff\u00bb background_size=\u00bbinitial\u00bb background_position=\u00bbtop_left\u00bb background_repeat=\u00bbrepeat\u00bb width=\u00bb90%\u00bb max_width=\u00bb1273px\u00bb module_alignment=\u00bbcenter\u00bb custom_margin=\u00bb|0px||0px|false|false\u00bb custom_padding=\u00bb0px||0px||false|false\u00bb global_module=\u00bb2637&#8243;][et_pb_column type=\u00bb1_5&#8243; _builder_version=\u00bb4.7.7&#8243; custom_padding=\u00bb|||\u00bb custom_padding__hover=\u00bb|||\u00bb][et_pb_image src=\u00bbhttps:\/\/bibliotecologos.pe\/wp-content\/uploads\/2023\/09\/logotipoCBP.png\u00bb title_text=\u00bblogotipoCBP\u00bb url=\u00bbhttps:\/\/bibliotecologos.pe\/index.php\/tendenciasbibliotecasods\/\u00bb _builder_version=\u00bb4.7.7&#8243; _module_preset=\u00bbdefault\u00bb][\/et_pb_image][\/et_pb_column][et_pb_column type=\u00bb3_5&#8243; _builder_version=\u00bb4.7.7&#8243; custom_padding=\u00bb|||\u00bb custom_padding__hover=\u00bb|||\u00bb][et_pb_menu menu_id=\u00bb24&#8243; menu_style=\u00bbcentered\u00bb _builder_version=\u00bb4.7.7&#8243; _module_preset=\u00bbdefault\u00bb menu_font=\u00bb|700||on|||||\u00bb menu_font_size=\u00bb17px\u00bb module_alignment=\u00bbcenter\u00bb min_height=\u00bb25px\u00bb custom_margin=\u00bb14px|||0px|false|false\u00bb custom_padding=\u00bb0px|||0px|false|false\u00bb][\/et_pb_menu][\/et_pb_column][et_pb_column type=\u00bb1_5&#8243; _builder_version=\u00bb4.7.7&#8243; custom_padding=\u00bb|||\u00bb custom_padding__hover=\u00bb|||\u00bb][et_pb_code _builder_version=\u00bb4.7.7&#8243; _module_preset=\u00bbdefault\u00bb text_orientation=\u00bbcenter\u00bb [&hellip;]<\/p>\n","protected":false},"author":4,"featured_media":0,"parent":0,"menu_order":0,"comment_status":"closed","ping_status":"closed","template":"page-template-blank.php","meta":{"_et_pb_use_builder":"on","_et_pb_old_content":"","_et_gb_content_width":"","_monsterinsights_skip_tracking":false,"_monsterinsights_sitenote_active":false,"_monsterinsights_sitenote_note":"","_monsterinsights_sitenote_category":0,"_joinchat":[],"footnotes":""},"_links":{"self":[{"href":"https:\/\/bibliotecologos.pe\/index.php\/wp-json\/wp\/v2\/pages\/2565"}],"collection":[{"href":"https:\/\/bibliotecologos.pe\/index.php\/wp-json\/wp\/v2\/pages"}],"about":[{"href":"https:\/\/bibliotecologos.pe\/index.php\/wp-json\/wp\/v2\/types\/page"}],"author":[{"embeddable":true,"href":"https:\/\/bibliotecologos.pe\/index.php\/wp-json\/wp\/v2\/users\/4"}],"replies":[{"embeddable":true,"href":"https:\/\/bibliotecologos.pe\/index.php\/wp-json\/wp\/v2\/comments?post=2565"}],"version-history":[{"count":8,"href":"https:\/\/bibliotecologos.pe\/index.php\/wp-json\/wp\/v2\/pages\/2565\/revisions"}],"predecessor-version":[{"id":3019,"href":"https:\/\/bibliotecologos.pe\/index.php\/wp-json\/wp\/v2\/pages\/2565\/revisions\/3019"}],"wp:attachment":[{"href":"https:\/\/bibliotecologos.pe\/index.php\/wp-json\/wp\/v2\/media?parent=2565"}],"curies":[{"name":"wp","href":"https:\/\/api.w.org\/{rel}","templated":true}]}}