

{"id":71,"date":"2022-04-22T18:30:23","date_gmt":"2022-04-22T18:30:23","guid":{"rendered":"http:\/\/bibliotecademo.xn--construyendotussueos-l7b.com\/?page_id=71"},"modified":"2025-07-13T18:07:54","modified_gmt":"2025-07-13T18:07:54","slug":"capitulo-de-desarrollo-profesional","status":"publish","type":"page","link":"https:\/\/bibliotecologos.pe\/index.php\/capitulo-de-desarrollo-profesional\/","title":{"rendered":"Cap\u00edtulo de Desarrollo Profesional"},"content":{"rendered":"<p>[et_pb_section fb_built=\u00bb1&#8243; _builder_version=\u00bb4.7.7&#8243; _module_preset=\u00bbdefault\u00bb custom_padding=\u00bb4px|||||\u00bb][et_pb_row _builder_version=\u00bb4.7.7&#8243; _module_preset=\u00bbdefault\u00bb][et_pb_column _builder_version=\u00bb4.7.7&#8243; _module_preset=\u00bbdefault\u00bb type=\u00bb4_4&#8243;][et_pb_text _builder_version=\u00bb4.7.7&#8243; _module_preset=\u00bbdefault\u00bb hover_enabled=\u00bb0&#8243; sticky_enabled=\u00bb0&#8243;]<\/p>\n<h2><strong>Cap\u00edtulos de Desarrollo Profesional del Colegio de Bibliotec\u00f3logos del Per\u00fa<\/strong><\/h2>\n<p>El Colegio de Bibliotec\u00f3logos del Per\u00fa, con el objetivo de fomentar la especializaci\u00f3n y el intercambio de conocimientos entre sus miembros, ha establecido los Cap\u00edtulos de Desarrollo Profesional. Estos cap\u00edtulos son agrupaciones de bibliotec\u00f3logos que comparten intereses comunes, ya sea por el tipo de biblioteca en el que trabajan o por las actividades espec\u00edficas que realizan.<\/p>\n<p>&nbsp;<\/p>\n<h2><strong>\u00bfCu\u00e1l es su funcionamiento?<\/strong><\/h2>\n<ul>\n<li>Inscripci\u00f3n obligatoria: Todos los bibliotec\u00f3logos colegiados deben inscribirse al menos en un cap\u00edtulo.<\/li>\n<li>Creaci\u00f3n de cap\u00edtulos: Para formar un nuevo cap\u00edtulo se necesita un m\u00ednimo de diez miembros y la aprobaci\u00f3n del Consejo Directivo.<\/li>\n<li>Estructura directiva: Cada cap\u00edtulo cuenta con un presidente, un secretario y un vocal, quienes son elegidos por los miembros cada dos a\u00f1os.<\/li>\n<li>Organizaci\u00f3n interna: Los cap\u00edtulos pueden crear comit\u00e9s y subcomit\u00e9s especializados para abordar temas espec\u00edficos.<\/li>\n<li>Reglamento: El funcionamiento detallado de los cap\u00edtulos se establece en un reglamento interno.<\/li>\n<\/ul>\n<p>&nbsp;<\/p>\n<h2><strong>\u00bfCu\u00e1les son sus objetivos?<\/strong><\/h2>\n<ul>\n<li>Especializaci\u00f3n: Fomentar la especializaci\u00f3n en \u00e1reas espec\u00edficas de la bibliotecolog\u00eda.<\/li>\n<li>Intercambio de conocimientos: Crear espacios para el intercambio de experiencias y buenas pr\u00e1cticas.<\/li>\n<li>Desarrollo profesional: Ofrecer oportunidades de desarrollo profesional continuo a sus miembros.<\/li>\n<li>Representaci\u00f3n: Representar los intereses de los bibliotec\u00f3logos en \u00e1reas espec\u00edficas ante el Colegio y otras instituciones.<\/li>\n<\/ul>\n<p>&nbsp;<\/p>\n<h2><strong>Tipos de Cap\u00edtulos<\/strong><\/h2>\n<p>De acuerdo al Art\u00edculo 72, los cap\u00edtulos se organizan en base a dos criterios principales:<\/p>\n<ul>\n<li>Tipos de biblioteca: Agrupan a bibliotec\u00f3logos que trabajan en bibliotecas universitarias, escolares, p\u00fablicas, especializadas, etc.<\/li>\n<li>Actividades bibliotecol\u00f3gicas: Re\u00fanen a profesionales que se dedican a catalogaci\u00f3n, referencia, gesti\u00f3n de informaci\u00f3n, etc.<\/li>\n<\/ul>\n<p>&nbsp;<\/p>\n<h2><strong>Beneficios de pertenecer a un cap\u00edtulo<\/strong><\/h2>\n<ul>\n<li>Networking: Conocer y establecer relaciones con otros profesionales del \u00e1rea.<\/li>\n<li>Actualizaci\u00f3n: Estar al d\u00eda sobre las \u00faltimas tendencias y novedades en el campo de la bibliotecolog\u00eda.<\/li>\n<li>Desarrollo de proyectos: Participar en proyectos colaborativos y de investigaci\u00f3n.<\/li>\n<li>Representaci\u00f3n: Tener voz y voto en las decisiones del Colegio.<\/li>\n<\/ul>\n<p>&nbsp;<\/p>\n<p>En resumen, los Cap\u00edtulos de Desarrollo Profesional del Colegio de Bibliotec\u00f3logos del Per\u00fa son una herramienta fundamental para fortalecer la comunidad bibliotecaria, promover la excelencia profesional y garantizar un mejor servicio a los usuarios.<\/p>\n<p>[\/et_pb_text][\/et_pb_column][\/et_pb_row][et_pb_row _builder_version=\u00bb4.7.7&#8243; _module_preset=\u00bbdefault\u00bb][et_pb_column _builder_version=\u00bb4.7.7&#8243; _module_preset=\u00bbdefault\u00bb type=\u00bb4_4&#8243;][et_pb_image src=\u00bbhttps:\/\/bibliotecologos.pe\/wp-content\/uploads\/2022\/12\/CBP-Capitulo-de-Bibliotecas-en-Ciencias-de-la-Salud-300&#215;39.png\u00bb _builder_version=\u00bb4.7.7&#8243; _module_preset=\u00bbdefault\u00bb title_text=\u00bbCBP-Capitulo-de-Bibliotecas-en-Ciencias-de-la-Salud\u00bb hover_enabled=\u00bb0&#8243; sticky_enabled=\u00bb0&#8243; custom_margin=\u00bb||11px|||\u00bb url=\u00bbhttps:\/\/bibliotecologos.pe\/index.php\/capitulo-de-bibliotecas-en-ciencias-de-la-salud\/\u00bb][\/et_pb_image][et_pb_image src=\u00bbhttps:\/\/bibliotecologos.pe\/wp-content\/uploads\/2022\/12\/CBP-Capitulo-de-Bibliotecas-Publicas-300&#215;39.png\u00bb _builder_version=\u00bb4.7.7&#8243; _module_preset=\u00bbdefault\u00bb title_text=\u00bbCBP-Capitulo-de-Bibliotecas-Publicas\u00bb hover_enabled=\u00bb0&#8243; sticky_enabled=\u00bb0&#8243; custom_margin=\u00bb-3px||9px|||\u00bb url=\u00bbhttps:\/\/bibliotecologos.pe\/index.php\/capitulo-de-bibliotecas-publicas\/\u00bb][\/et_pb_image][et_pb_image src=\u00bbhttps:\/\/bibliotecologos.pe\/wp-content\/uploads\/2022\/12\/CBP-Capitulo-de-Bibliotecas-Escolares-300&#215;39.png\u00bb _builder_version=\u00bb4.7.7&#8243; _module_preset=\u00bbdefault\u00bb title_text=\u00bbCBP-Capitulo-de-Bibliotecas-Escolares\u00bb hover_enabled=\u00bb0&#8243; sticky_enabled=\u00bb0&#8243; url=\u00bbhttps:\/\/bibliotecologos.pe\/index.php\/capitulo-de-bibliotecas-escolares\/\u00bb][\/et_pb_image][\/et_pb_column][\/et_pb_row][\/et_pb_section]<\/p>\n","protected":false},"excerpt":{"rendered":"<p>[et_pb_section fb_built=\u00bb1&#8243; _builder_version=\u00bb4.7.7&#8243; _module_preset=\u00bbdefault\u00bb custom_padding=\u00bb4px|||||\u00bb][et_pb_row _builder_version=\u00bb4.7.7&#8243; _module_preset=\u00bbdefault\u00bb][et_pb_column _builder_version=\u00bb4.7.7&#8243; _module_preset=\u00bbdefault\u00bb type=\u00bb4_4&#8243;][et_pb_text _builder_version=\u00bb4.7.7&#8243; _module_preset=\u00bbdefault\u00bb hover_enabled=\u00bb0&#8243; sticky_enabled=\u00bb0&#8243;] Cap\u00edtulos de Desarrollo Profesional del Colegio de Bibliotec\u00f3logos del Per\u00fa El Colegio de Bibliotec\u00f3logos del Per\u00fa, con el objetivo de fomentar la especializaci\u00f3n y el intercambio de conocimientos entre sus miembros, ha establecido los Cap\u00edtulos de Desarrollo Profesional. Estos cap\u00edtulos son [&hellip;]<\/p>\n","protected":false},"author":4,"featured_media":0,"parent":0,"menu_order":0,"comment_status":"closed","ping_status":"closed","template":"","meta":{"_et_pb_use_builder":"on","_et_pb_old_content":"<!-- wp:spacer {\"height\":\"74px\"} -->\n<div style=\"height:74px\" aria-hidden=\"true\" class=\"wp-block-spacer\"><\/div>\n<!-- \/wp:spacer -->\n\n<!-- wp:image {\"align\":\"center\",\"id\":1385,\"sizeSlug\":\"full\",\"linkDestination\":\"custom\"} -->\n<div class=\"wp-block-image\"><figure class=\"aligncenter size-full\"><a href=\"https:\/\/bibliotecologos.pe\/index.php\/capitulo-de-bibliotecas-en-ciencias-de-la-salud\/\" target=\"_blank\" rel=\"noopener\"><img src=\"https:\/\/bibliotecologos.pe\/wp-content\/uploads\/2022\/12\/CBP-Capitulo-de-Bibliotecas-en-Ciencias-de-la-Salud.png\" alt=\"\" class=\"wp-image-1385\"\/><\/a><\/figure><\/div>\n<!-- \/wp:image -->\n\n<!-- wp:image {\"align\":\"center\",\"id\":1386,\"sizeSlug\":\"full\",\"linkDestination\":\"custom\"} -->\n<div class=\"wp-block-image\"><figure class=\"aligncenter size-full\"><a href=\"https:\/\/bibliotecologos.pe\/index.php\/capitulo-de-bibliotecas-publicas\/\" target=\"_blank\" rel=\"noopener\"><img src=\"https:\/\/bibliotecologos.pe\/wp-content\/uploads\/2022\/12\/CBP-Capitulo-de-Bibliotecas-Publicas.png\" alt=\"\" class=\"wp-image-1386\"\/><\/a><\/figure><\/div>\n<!-- \/wp:image -->\n\n<!-- wp:image {\"align\":\"center\",\"id\":1387,\"sizeSlug\":\"full\",\"linkDestination\":\"custom\"} -->\n<div class=\"wp-block-image\"><figure class=\"aligncenter size-full\"><a href=\"https:\/\/bibliotecologos.pe\/index.php\/capitulo-de-bibliotecas-escolares\/\" target=\"_blank\" rel=\"noopener\"><img src=\"https:\/\/bibliotecologos.pe\/wp-content\/uploads\/2022\/12\/CBP-Capitulo-de-Bibliotecas-Escolares.png\" alt=\"\" class=\"wp-image-1387\"\/><\/a><\/figure><\/div>\n<!-- \/wp:image -->\n\n<!-- wp:spacer -->\n<div style=\"height:100px\" aria-hidden=\"true\" class=\"wp-block-spacer\"><\/div>\n<!-- \/wp:spacer -->\r\n","_et_gb_content_width":"1080","_monsterinsights_skip_tracking":false,"_monsterinsights_sitenote_active":false,"_monsterinsights_sitenote_note":"","_monsterinsights_sitenote_category":0,"_joinchat":[],"footnotes":""},"_links":{"self":[{"href":"https:\/\/bibliotecologos.pe\/index.php\/wp-json\/wp\/v2\/pages\/71"}],"collection":[{"href":"https:\/\/bibliotecologos.pe\/index.php\/wp-json\/wp\/v2\/pages"}],"about":[{"href":"https:\/\/bibliotecologos.pe\/index.php\/wp-json\/wp\/v2\/types\/page"}],"author":[{"embeddable":true,"href":"https:\/\/bibliotecologos.pe\/index.php\/wp-json\/wp\/v2\/users\/4"}],"replies":[{"embeddable":true,"href":"https:\/\/bibliotecologos.pe\/index.php\/wp-json\/wp\/v2\/comments?post=71"}],"version-history":[{"count":6,"href":"https:\/\/bibliotecologos.pe\/index.php\/wp-json\/wp\/v2\/pages\/71\/revisions"}],"predecessor-version":[{"id":4397,"href":"https:\/\/bibliotecologos.pe\/index.php\/wp-json\/wp\/v2\/pages\/71\/revisions\/4397"}],"wp:attachment":[{"href":"https:\/\/bibliotecologos.pe\/index.php\/wp-json\/wp\/v2\/media?parent=71"}],"curies":[{"name":"wp","href":"https:\/\/api.w.org\/{rel}","templated":true}]}}