

{"id":76,"date":"2022-04-22T18:30:23","date_gmt":"2022-04-22T18:30:23","guid":{"rendered":"http:\/\/bibliotecademo.xn--construyendotussueos-l7b.com\/?page_id=76"},"modified":"2025-07-13T18:08:43","modified_gmt":"2025-07-13T18:08:43","slug":"colegiatura","status":"publish","type":"page","link":"https:\/\/bibliotecologos.pe\/index.php\/colegiatura\/","title":{"rendered":"Colegiatura"},"content":{"rendered":"<p>[et_pb_section fb_built=\u00bb1&#8243; admin_label=\u00bbsection\u00bb _builder_version=\u00bb4.7.7&#8243;][et_pb_row admin_label=\u00bbrow\u00bb _builder_version=\u00bb3.25&#8243; background_size=\u00bbinitial\u00bb background_position=\u00bbtop_left\u00bb background_repeat=\u00bbrepeat\u00bb][et_pb_column type=\u00bb4_4&#8243; _builder_version=\u00bb3.25&#8243; custom_padding=\u00bb|||\u00bb custom_padding__hover=\u00bb|||\u00bb][et_pb_image src=\u00bbhttps:\/\/bibliotecologos.pe\/wp-content\/uploads\/2024\/12\/CBP-Colegiatura-1.png\u00bb title_text=\u00bbCBP &#8211; Colegiatura-1&#8243; _builder_version=\u00bb4.7.7&#8243; _module_preset=\u00bbdefault\u00bb hover_enabled=\u00bb0&#8243; sticky_enabled=\u00bb0&#8243;][\/et_pb_image][\/et_pb_column][\/et_pb_row][et_pb_row _builder_version=\u00bb4.7.7&#8243; _module_preset=\u00bbdefault\u00bb custom_margin=\u00bb-20px|auto||auto||\u00bb custom_padding=\u00bb24px|||||\u00bb][et_pb_column type=\u00bb4_4&#8243; _builder_version=\u00bb4.7.7&#8243; _module_preset=\u00bbdefault\u00bb][et_pb_text _builder_version=\u00bb4.7.7&#8243; _module_preset=\u00bbdefault\u00bb text_text_color=\u00bb#000000&#8243; custom_padding=\u00bb9px|||||\u00bb]<\/p>\n<p>Estar Colegiado es formar parte de nuestro espacio profesional para compartir experiencias y crecer como agentes de cambio comprometidos con la sociedad y con quienes requieren informaci\u00f3n en todos los campos del conocimiento y del quehacer humano.<\/p>\n<p>[\/et_pb_text][\/et_pb_column][\/et_pb_row][et_pb_row column_structure=\u00bb1_4,1_4,1_4,1_4&#8243; _builder_version=\u00bb4.7.7&#8243; _module_preset=\u00bbdefault\u00bb min_height=\u00bb132px\u00bb custom_margin=\u00bb-10px|auto||auto||\u00bb][et_pb_column type=\u00bb1_4&#8243; _builder_version=\u00bb4.7.7&#8243; _module_preset=\u00bbdefault\u00bb][et_pb_image src=\u00bbhttps:\/\/bibliotecologos.pe\/wp-content\/uploads\/2022\/04\/03-shutterstock_2053208168-2.jpg\u00bb title_text=\u00bbPhoto,Of,Funny,Brunette,Millennial,Lady,Hold,Laptop,Show,Okey\u00bb _builder_version=\u00bb4.7.7&#8243; _module_preset=\u00bbdefault\u00bb][\/et_pb_image][\/et_pb_column][et_pb_column type=\u00bb1_4&#8243; _builder_version=\u00bb4.7.7&#8243; _module_preset=\u00bbdefault\u00bb][et_pb_image src=\u00bbhttps:\/\/bibliotecologos.pe\/wp-content\/uploads\/2022\/04\/Coleccion1.jpg\u00bb title_text=\u00bbE-book,Reader,On,A,Stack,Of,Books\u00bb _builder_version=\u00bb4.7.7&#8243; _module_preset=\u00bbdefault\u00bb][\/et_pb_image][\/et_pb_column][et_pb_column type=\u00bb1_4&#8243; _builder_version=\u00bb4.7.7&#8243; _module_preset=\u00bbdefault\u00bb][et_pb_image src=\u00bbhttps:\/\/bibliotecologos.pe\/wp-content\/uploads\/2022\/04\/La-biblioteca-es-inclusion-social-e-igualdad-de-oportunidades.jpg\u00bb title_text=\u00bbLa-biblioteca-es-inclusion-social-e-igualdad-de-oportunidades\u00bb _builder_version=\u00bb4.7.7&#8243; _module_preset=\u00bbdefault\u00bb][\/et_pb_image][\/et_pb_column][et_pb_column type=\u00bb1_4&#8243; _builder_version=\u00bb4.7.7&#8243; _module_preset=\u00bbdefault\u00bb][et_pb_image src=\u00bbhttps:\/\/bibliotecologos.pe\/wp-content\/uploads\/2022\/04\/Capacitacion.jpg\u00bb title_text=\u00bbOnline,Video,Conference,Call.,Remote,Webinar,Meeting\u00bb _builder_version=\u00bb4.7.7&#8243; _module_preset=\u00bbdefault\u00bb][\/et_pb_image][\/et_pb_column][\/et_pb_row][et_pb_row column_structure=\u00bb3_5,2_5&#8243; _builder_version=\u00bb4.7.7&#8243; _module_preset=\u00bbdefault\u00bb][et_pb_column type=\u00bb3_5&#8243; _builder_version=\u00bb4.7.7&#8243; _module_preset=\u00bbdefault\u00bb][et_pb_text _builder_version=\u00bb4.7.7&#8243; _module_preset=\u00bbdefault\u00bb text_text_color=\u00bb#000000&#8243;]<\/p>\n<p>Para poder formar parte del Colegio de Bibliotec\u00f3logos como miembro colegiado, es necesario contar con un t\u00edtulo profesional o Licenciatura. Adem\u00e1s de ello, tambi\u00e9n se debe contar con los siguientes requisitos:<\/p>\n<p>1. Llenar la Ficha de Solicitud<br \/> 2. Enviar al CBP un mensaje indicando que ya registr\u00f3 su Solicitud y adjuntar los siguientes documentos escaneados: T\u00edtulo profesional y DNI.<br \/> 3. Efectuar los pagos correspondientes:<br \/> Derecho de Colegiatura S\/. 150.00 (ciento cincuenta soles), pago por \u00fanica vez<br \/> Membres\u00eda Habilitada por un a\u00f1o S\/. 120.00 anual<\/p>\n<p>Para mayores informes, puede ponerse en contacto con nuestro n\u00famero telef\u00f3nico o escribir un correo electr\u00f3nico.<\/p>\n<p>[\/et_pb_text][\/et_pb_column][et_pb_column type=\u00bb2_5&#8243; _builder_version=\u00bb4.7.7&#8243; _module_preset=\u00bbdefault\u00bb][et_pb_image src=\u00bbhttps:\/\/bibliotecologos.pe\/wp-content\/uploads\/2022\/04\/Coleccion-4.jpg\u00bb title_text=\u00bbComposition,With,Vintage,Old,Hardback,Books,,Diary,,Fanned,Pages,On\u00bb _builder_version=\u00bb4.7.7&#8243; _module_preset=\u00bbdefault\u00bb][\/et_pb_image][et_pb_button button_url=\u00bbhttps:\/\/bibliotecologos.pe\/index.php\/requisitos\/\u00bb button_text=\u00bbRequisitos de Colegiatura\u00bb _builder_version=\u00bb4.7.7&#8243; _module_preset=\u00bbdefault\u00bb animation_style=\u00bbbounce\u00bb box_shadow_style=\u00bbpreset1&#8243;][\/et_pb_button][\/et_pb_column][\/et_pb_row][et_pb_row _builder_version=\u00bb4.7.7&#8243; _module_preset=\u00bbdefault\u00bb][et_pb_column type=\u00bb4_4&#8243; _builder_version=\u00bb4.7.7&#8243; _module_preset=\u00bbdefault\u00bb][et_pb_image src=\u00bbhttps:\/\/bibliotecologos.pe\/wp-content\/uploads\/2023\/05\/20230429-colegiados-1024&#215;648.jpeg\u00bb title_text=\u00bb20230429-colegiados\u00bb _builder_version=\u00bb4.7.7&#8243; _module_preset=\u00bbdefault\u00bb max_width=\u00bb68%\u00bb][\/et_pb_image][et_pb_text _builder_version=\u00bb4.7.7&#8243; _module_preset=\u00bbdefault\u00bb text_text_color=\u00bb#000000&#8243;]<\/p>\n<p style=\"text-align: center;\">El 29 de abril se llevo a cabo la incorporaci\u00f3n de los nuevos colegiados en una ceremonia en el local del CBP<\/p>\n<p>[\/et_pb_text][\/et_pb_column][\/et_pb_row][et_pb_row _builder_version=\u00bb4.7.7&#8243; _module_preset=\u00bbdefault\u00bb][et_pb_column type=\u00bb4_4&#8243; _builder_version=\u00bb4.7.7&#8243; _module_preset=\u00bbdefault\u00bb][\/et_pb_column][\/et_pb_row][\/et_pb_section]<\/p>\n","protected":false},"excerpt":{"rendered":"<p>[et_pb_section fb_built=\u00bb1&#8243; admin_label=\u00bbsection\u00bb _builder_version=\u00bb4.7.7&#8243;][et_pb_row admin_label=\u00bbrow\u00bb _builder_version=\u00bb3.25&#8243; background_size=\u00bbinitial\u00bb background_position=\u00bbtop_left\u00bb background_repeat=\u00bbrepeat\u00bb][et_pb_column type=\u00bb4_4&#8243; _builder_version=\u00bb3.25&#8243; custom_padding=\u00bb|||\u00bb custom_padding__hover=\u00bb|||\u00bb][et_pb_image src=\u00bbhttps:\/\/bibliotecologos.pe\/wp-content\/uploads\/2024\/12\/CBP-Colegiatura-1.png\u00bb title_text=\u00bbCBP &#8211; Colegiatura-1&#8243; _builder_version=\u00bb4.7.7&#8243; _module_preset=\u00bbdefault\u00bb hover_enabled=\u00bb0&#8243; sticky_enabled=\u00bb0&#8243;][\/et_pb_image][\/et_pb_column][\/et_pb_row][et_pb_row _builder_version=\u00bb4.7.7&#8243; _module_preset=\u00bbdefault\u00bb custom_margin=\u00bb-20px|auto||auto||\u00bb custom_padding=\u00bb24px|||||\u00bb][et_pb_column type=\u00bb4_4&#8243; _builder_version=\u00bb4.7.7&#8243; _module_preset=\u00bbdefault\u00bb][et_pb_text _builder_version=\u00bb4.7.7&#8243; _module_preset=\u00bbdefault\u00bb text_text_color=\u00bb#000000&#8243; custom_padding=\u00bb9px|||||\u00bb] Estar Colegiado es formar parte de nuestro espacio profesional para compartir experiencias y crecer como agentes de cambio comprometidos con la sociedad y [&hellip;]<\/p>\n","protected":false},"author":4,"featured_media":0,"parent":0,"menu_order":0,"comment_status":"closed","ping_status":"closed","template":"","meta":{"_et_pb_use_builder":"on","_et_pb_old_content":"<!-- wp:paragraph -->\n<p>Estar Colegiado es formar parte de nuestro espacio profesional para compartir experiencias y crecer como agentes de cambio comprometidos con la sociedad y con quienes requieren informaci\u00f3n en todos los campos del conocimiento y del quehacer humano.<\/p>\n<!-- \/wp:paragraph -->","_et_gb_content_width":"1080","_monsterinsights_skip_tracking":false,"_monsterinsights_sitenote_active":false,"_monsterinsights_sitenote_note":"","_monsterinsights_sitenote_category":0,"_joinchat":[],"footnotes":""},"_links":{"self":[{"href":"https:\/\/bibliotecologos.pe\/index.php\/wp-json\/wp\/v2\/pages\/76"}],"collection":[{"href":"https:\/\/bibliotecologos.pe\/index.php\/wp-json\/wp\/v2\/pages"}],"about":[{"href":"https:\/\/bibliotecologos.pe\/index.php\/wp-json\/wp\/v2\/types\/page"}],"author":[{"embeddable":true,"href":"https:\/\/bibliotecologos.pe\/index.php\/wp-json\/wp\/v2\/users\/4"}],"replies":[{"embeddable":true,"href":"https:\/\/bibliotecologos.pe\/index.php\/wp-json\/wp\/v2\/comments?post=76"}],"version-history":[{"count":9,"href":"https:\/\/bibliotecologos.pe\/index.php\/wp-json\/wp\/v2\/pages\/76\/revisions"}],"predecessor-version":[{"id":4469,"href":"https:\/\/bibliotecologos.pe\/index.php\/wp-json\/wp\/v2\/pages\/76\/revisions\/4469"}],"wp:attachment":[{"href":"https:\/\/bibliotecologos.pe\/index.php\/wp-json\/wp\/v2\/media?parent=76"}],"curies":[{"name":"wp","href":"https:\/\/api.w.org\/{rel}","templated":true}]}}

<p>[et_pb_section fb_built=»1&#8243; admin_label=»section» _builder_version=»4.7.7&#8243;][et_pb_row admin_label=»row» _builder_version=»3.25&#8243; background_size=»initial» background_position=»top_left» background_repeat=»repeat»][et_pb_column type=»4_4&#8243; _builder_version=»3.25&#8243; custom_padding=»|||» custom_padding__hover=»|||»][et_pb_image src=»https://bibliotecologos.pe/wp-content/uploads/2024/12/CBP-Colegiatura-1.png» title_text=»CBP &#8211; Colegiatura-1&#8243; _builder_version=»4.7.7&#8243; _module_preset=»default» hover_enabled=»0&#8243; sticky_enabled=»0&#8243;][/et_pb_image][/et_pb_column][/et_pb_row][et_pb_row _builder_version=»4.7.7&#8243; _module_preset=»default» custom_margin=»-20px|auto||auto||» custom_padding=»24px|||||»][et_pb_column type=»4_4&#8243; _builder_version=»4.7.7&#8243; _module_preset=»default»][et_pb_text _builder_version=»4.7.7&#8243; _module_preset=»default» text_text_color=»#000000&#8243; custom_padding=»9px|||||»]</p>
<p>Estar Colegiado es formar parte de nuestro espacio profesional para compartir experiencias y crecer como agentes de cambio comprometidos con la sociedad y con quienes requieren información en todos los campos del conocimiento y del quehacer humano.</p>
<p>[/et_pb_text][/et_pb_column][/et_pb_row][et_pb_row column_structure=»1_4,1_4,1_4,1_4&#8243; _builder_version=»4.7.7&#8243; _module_preset=»default» min_height=»132px» custom_margin=»-10px|auto||auto||»][et_pb_column type=»1_4&#8243; _builder_version=»4.7.7&#8243; _module_preset=»default»][et_pb_image src=»https://bibliotecologos.pe/wp-content/uploads/2022/04/03-shutterstock_2053208168-2.jpg» title_text=»Photo,Of,Funny,Brunette,Millennial,Lady,Hold,Laptop,Show,Okey» _builder_version=»4.7.7&#8243; _module_preset=»default»][/et_pb_image][/et_pb_column][et_pb_column type=»1_4&#8243; _builder_version=»4.7.7&#8243; _module_preset=»default»][et_pb_image src=»https://bibliotecologos.pe/wp-content/uploads/2022/04/Coleccion1.jpg» title_text=»E-book,Reader,On,A,Stack,Of,Books» _builder_version=»4.7.7&#8243; _module_preset=»default»][/et_pb_image][/et_pb_column][et_pb_column type=»1_4&#8243; _builder_version=»4.7.7&#8243; _module_preset=»default»][et_pb_image src=»https://bibliotecologos.pe/wp-content/uploads/2022/04/La-biblioteca-es-inclusion-social-e-igualdad-de-oportunidades.jpg» title_text=»La-biblioteca-es-inclusion-social-e-igualdad-de-oportunidades» _builder_version=»4.7.7&#8243; _module_preset=»default»][/et_pb_image][/et_pb_column][et_pb_column type=»1_4&#8243; _builder_version=»4.7.7&#8243; _module_preset=»default»][et_pb_image src=»https://bibliotecologos.pe/wp-content/uploads/2022/04/Capacitacion.jpg» title_text=»Online,Video,Conference,Call.,Remote,Webinar,Meeting» _builder_version=»4.7.7&#8243; _module_preset=»default»][/et_pb_image][/et_pb_column][/et_pb_row][et_pb_row column_structure=»3_5,2_5&#8243; _builder_version=»4.7.7&#8243; _module_preset=»default»][et_pb_column type=»3_5&#8243; _builder_version=»4.7.7&#8243; _module_preset=»default»][et_pb_text _builder_version=»4.7.7&#8243; _module_preset=»default» text_text_color=»#000000&#8243;]</p>
<p>Para poder formar parte del Colegio de Bibliotecólogos como miembro colegiado, es necesario contar con un título profesional o Licenciatura. Además de ello, también se debe contar con los siguientes requisitos:</p>
<p>1. Llenar la Ficha de Solicitud<br /> 2. Enviar al CBP un mensaje indicando que ya registró su Solicitud y adjuntar los siguientes documentos escaneados: Título profesional y DNI.<br /> 3. Efectuar los pagos correspondientes:<br /> Derecho de Colegiatura S/. 150.00 (ciento cincuenta soles), pago por única vez<br /> Membresía Habilitada por un año S/. 120.00 anual</p>
<p>Para mayores informes, puede ponerse en contacto con nuestro número telefónico o escribir un correo electrónico.</p>
<p>[/et_pb_text][/et_pb_column][et_pb_column type=»2_5&#8243; _builder_version=»4.7.7&#8243; _module_preset=»default»][et_pb_image src=»https://bibliotecologos.pe/wp-content/uploads/2022/04/Coleccion-4.jpg» title_text=»Composition,With,Vintage,Old,Hardback,Books,,Diary,,Fanned,Pages,On» _builder_version=»4.7.7&#8243; _module_preset=»default»][/et_pb_image][et_pb_button button_url=»https://bibliotecologos.pe/index.php/requisitos/» button_text=»Requisitos de Colegiatura» _builder_version=»4.7.7&#8243; _module_preset=»default» animation_style=»bounce» box_shadow_style=»preset1&#8243;][/et_pb_button][/et_pb_column][/et_pb_row][et_pb_row _builder_version=»4.7.7&#8243; _module_preset=»default»][et_pb_column type=»4_4&#8243; _builder_version=»4.7.7&#8243; _module_preset=»default»][et_pb_image src=»https://bibliotecologos.pe/wp-content/uploads/2023/05/20230429-colegiados-1024&#215;648.jpeg» title_text=»20230429-colegiados» _builder_version=»4.7.7&#8243; _module_preset=»default» max_width=»68%»][/et_pb_image][et_pb_text _builder_version=»4.7.7&#8243; _module_preset=»default» text_text_color=»#000000&#8243;]</p>
<p style="text-align: center;">El 29 de abril se llevo a cabo la incorporación de los nuevos colegiados en una ceremonia en el local del CBP</p>
<p>[/et_pb_text][/et_pb_column][/et_pb_row][et_pb_row _builder_version=»4.7.7&#8243; _module_preset=»default»][et_pb_column type=»4_4&#8243; _builder_version=»4.7.7&#8243; _module_preset=»default»][/et_pb_column][/et_pb_row][/et_pb_section]</p>

<!-- wp:paragraph -->
<p>Estar Colegiado es formar parte de nuestro espacio profesional para compartir experiencias y crecer como agentes de cambio comprometidos con la sociedad y con quienes requieren información en todos los campos del conocimiento y del quehacer humano.</p>
<!-- /wp:paragraph -->
